e prime factors of 98045?
5, 19609
What are the prime factors of 3523939?
103, 34213
List the prime factors of 198923.
67, 2969
What are the prime factors of 723404?
2, 11, 41, 401
What are the prime factors of 3891828?
2, 3, 324319
What are the prime factors of 211520?
2, 5, 661
List the prime factors of 3340050.
2, 3, 5, 7, 3181
List the prime factors of 6941147.
23, 301789
What are the prime factors of 94828?
2, 151, 157
What are the prime factors of 127653?
3, 17, 2503
List the prime factors of 523910.
2, 5, 52391
What are the prime factors of 960178?
2, 197, 2437
What are the prime factors of 1187061?
3, 395687
List the prime factors of 174524.
2, 7, 23, 271
List the prime factors of 708805.
5, 141761
List the prime factors of 331464.
2, 3, 7, 1973
List the prime factors of 694846.
2, 263, 1321
List the prime factors of 114020.
2, 5, 5701
What are the prime factors of 29309400?
2, 3, 5, 19, 857
What are the prime factors of 159519?
3, 53173
List the prime factors of 3189830.
2, 5, 7, 45569
What are the prime factors of 919975?
5, 7, 751
What are the prime factors of 3555047?
227, 15661
What are the prime factors of 6951425?
5, 13, 73, 293
List the prime factors of 4617830.
2, 5, 7, 41, 1609
List the prime factors of 10641408.
2, 3, 433
What are the prime factors of 2294855?
5, 458971
What are the prime factors of 2338304?
2, 4567
What are the prime factors of 1081242?
2, 3, 20023
What are the prime factors of 253829?
43, 5903
What are the prime factors of 7375554?
2, 3, 409753
What are the prime factors of 2926792?
2, 11, 79, 421
List the prime factors of 754070.
2, 5, 75407
What are the prime factors of 4329674?
2, 67, 79, 409
List the prime factors of 1110983.
1110983
What are the prime factors of 33144?
2, 3, 1381
List the prime factors of 17784836.
2, 19, 241, 971
List the prime factors of 378420.
2, 3, 5, 7, 17, 53
List the prime factors of 292922.
2, 7, 61
List the prime factors of 666622.
2, 11, 157, 193
What are the prime factors of 5227331?
5227331
What are the prime factors of 1472202?
2, 3, 137, 199
List the prime factors of 5997906.
2, 3, 17, 1153
What are the prime factors of 5310180?
2, 3, 5, 29501
What are the prime factors of 2664750?
2, 3, 5, 11, 17, 19
What are the prime factors of 3186056?
2, 29, 31, 443
List the prime factors of 460430.
2, 5, 41, 1123
List the prime factors of 4295454.
2, 3, 715909
What are the prime factors of 1898118?
2, 3, 17, 6203
What are the prime factors of 32041026?
2, 3, 641, 2777
List the prime factors of 5974678.
2, 43, 69473
What are the prime factors of 8364046?
2, 79, 52937
What are the prime factors of 8739789?
3, 2913263
List the prime factors of 37544197.
79, 475243
What are the prime factors of 1247911?
7, 23, 337
What are the prime factors of 31207720?
2, 5, 780193
List the prime factors of 18489024.
2, 3, 32099
List the prime factors of 20070986.
2, 13, 771961
What are the prime factors of 493276?
2, 7, 79, 223
What are the prime factors of 19430?
2, 5, 29, 67
What are the prime factors of 382328?
2, 47791
List the prime factors of 11423439.
3, 17, 197, 379
List the prime factors of 213570.
2, 3, 5, 7, 113
List the prime factors of 1494077.
13, 281, 409
List the prime factors of 9912739.
2801, 3539
List the prime factors of 170432.
2, 2663
What are the prime factors of 1361907?
3, 50441
List the prime factors of 427553.
7, 103, 593
What are the prime factors of 142426?
2, 17, 59, 71
List the prime factors of 6352.
2, 397
List the prime factors of 40572.
2, 3, 7, 23
List the prime factors of 511312.
2, 31957
List the prime factors of 1270304.
2, 7, 53, 107
What are the prime factors of 4753458?
2, 3, 19, 41, 113
What are the prime factors of 69957?
3, 2591
List the prime factors of 10677036.
2, 3, 863, 1031
What are the prime factors of 278621?
7, 53, 751
List the prime factors of 107338.
2, 7, 11, 17, 41
List the prime factors of 577908.
2, 3, 5351
List the prime factors of 15172372.
2, 149, 25457
List the prime factors of 5037695.
5, 13, 17, 47, 97
List the prime factors of 412307.
7, 58901
What are the prime factors of 651823?
631, 1033
What are the prime factors of 2923444?
2, 37, 19753
List the prime factors of 5335222.
2, 2667611
List the prime factors of 216092.
2, 89, 607
List the prime factors of 220441.
13, 31, 547
List the prime factors of 799088.
2, 49943
What are the prime factors of 171257?
41, 4177
List the prime factors of 4218251.
4218251
What are the prime factors of 251741?
7, 35963
List the prime factors of 3393023.
3393023
What are the prime factors of 404762?
2, 202381
List the prime factors of 4295857.
29, 41, 3613
List the prime factors of 172073.
11, 15643
List the prime factors of 134724.
2, 3, 103, 109
List the prime factors of 655737.
3, 218579
List the prime factors of 874387.
874387
List the prime factors of 10584190.
2, 5, 1058419
What are the prime factors of 3591586?
2, 1795793
What are the prime factors of 7372829?
1951, 3779
What are the prime factors of 68822?
2, 13, 2647
What are the prime factors of 119351?
41, 71
What are the prime factors of 758548?
2, 7, 27091
List the prime factors of 79267.
31, 2557
What are the prime factors of 444335?
5, 88867
What are the prime factors of 3044674?
2, 19, 4217
What are the prime factors of 16488478?
2, 41, 233, 863
What are the prime factors of 341485?
5, 163, 419
List the prime factors of 7066456.
2, 883307
What are the prime factors of 198811?
198811
List the prime factors of 65832.
2, 3, 13, 211
What are the prime factors of 3929684?
2, 11, 31, 43, 67
What are the prime factors of 142873?
142873
What are the prime factors of 174737?
174737
What are the prime factors of 4535979?
3, 7, 59, 523
What are the prime factors of 6709102?
2, 97, 34583
What are the prime factors of 391106?
2, 283, 691
List the prime factors of 6745931.
19, 355049
List the prime factors of 12624686.
2, 29, 217667
List the prime factors of 432264.
2, 3, 7, 31, 83
List the prime factors of 240951.
3, 80317
What are the prime factors of 591671?
41, 14431
What are the prime factors of 1295072?
2, 40471
List the prime factors of 74068.
2, 18517
List the prime factors of 642452.
2, 61, 2633
What are the prime factors of 1501980?
2, 3, 5, 25033
List the prime factors of 152804.
2, 38201
What are the prime factors of 1140417?
3, 126713
List the prime factors of 290085.
3, 5, 83, 233
List the prime factors of 615694.
2, 83, 3709
What are the prime factors of 841839?
3, 280613
List the prime factors of 1903041.
3, 7, 10069
What are the prime factors of 9435197?
653, 14449
List the prime factors of 629705.
5, 125941
What are the prime factors of 123954?
2, 3, 73, 283
What are the prime factors of 16255?
5, 3251
What are the prime factors of 1180813?
79, 14947
List the prime factors of 13682453.
13682453
List the prime factors of 1842946.
2, 7, 131639
What are the prime factors of 2650747?
11, 19, 1153
List the prime factors of 3697700.
2, 5, 103, 359
List the prime factors of 4878237.
3, 7, 13, 107, 167
List the prime factors of 4932736.
2, 89, 433
What are the prime factors of 15607?
15607
What are the prime factors of 656590?
2, 5, 11, 47, 127
What are the prime factors of 114546?
2, 3, 17, 1123
List the prime factors of 186989.
11, 89, 191
What are the prime factors of 686262?
2, 3, 114377
List the prime factors of 559700.
2, 5, 29, 193
List the prime factors of 2786003.
11, 253273
List the prime factors of 417799.
53, 7883
What are the prime factors of 464700?
2, 3, 5, 1549
What are the prime factors of 952761?
3, 317587
What are the prime factors of 861617?
861617
What are the prime factors of 72294?
2, 3, 12049
What are the prime factors of 143791?
143791
List the prime factors of 8441059.
11, 29, 47, 563
List the prime factors of 2207064.
2, 3, 91961
What are the prime factors of 1188069?
3, 239, 1657
What are the prime factors of 223319?
223319
What are the prime factors of 5205276?
2, 3, 48197
List the prime factors of 6469749.
3, 11, 13, 457
What are the prime factors of 403159?
403159
What are the prime factors of 2255814?
2, 3, 11, 11393
List the prime factors of 5290461.
3, 11, 47, 379
List the prime factors of 1142603.
7, 11, 19, 71
List the prime factors of 20331018.
2, 3, 1129501
What are the prime factors of 169190?
2, 